) - 2) + (-291)/1455. Calculate the greatest common divisor of v and 4551.
111
Let m = 6347 + -5957. Calculate the highest common factor of m and 155.
5
Let p be 40/(-28)*(-154)/(-6 - -8). What is the highest common factor of p and 1496?
22
Suppose -3*z = -z + 3*l - 54, -9 = -z + 3*l. Let b(i) = i + 36. Let y be b(z). What is the highest common factor of 171 and y?
57
Let b(p) = 413*p**2 + 1213*p - 3. Let y be b(-3). Calculate the greatest common factor of 60 and y.
15
Let n(p) = 3*p**2 + 4 - 11 - 2*p**2 - p. Let j be n(6). Let o(v) = v**2 - 611*v - 15056. Let w be o(-24). What is the greatest common factor of w and j?
23
Suppose 2766*z + 3*c = 2768*z - 424, -4*c + 687 = 3*z. Suppose 5*n + 12 = w, -3*w - 4*n + 89 = 2*w. What is the highest common divisor of z and w?
17
Let n(q) = -11*q**2 + q + 2. Let p be n(-1). Let l be ((-36)/p)/(63/210). Let o be (-3)/(-12) + 621/l. Calculate the highest common divisor of 13 and o.
13
Suppose -160 = -2*n - 892. Let z be ((-2)/6)/(4 + n/90). Suppose -v + 6*v = -3*s, 5*s - 28 = v. Calculate the highest common factor of z and s.
5
Let f(n) = 15*n**2 + 25*n + 8. Let p be f(-3). Suppose -k = 4*y - 616, 0 = 5*k + 3*y - 6*y - 3057. Calculate the highest common divisor of k and p.
68
Let j(d) = 45*d - 19. Let u be j(-3). Let z = u + 205. What is the highest common factor of 6 and z?
3
Let q(g) = -g + 30. Let s be q(0). Suppose -269*w + 4*y = -272*w + 126, 5*w - 280 = 5*y. Calculate the highest common factor of s and w.
10
Let q(u) = u**2 - 2. Let m be q(2). Suppose -r + 9 = m*r. Suppose 7*f - r*o - 30 = 4*f, -3*f - 3*o + 30 = 0. What is the highest common factor of 50 and f?
10
Let n be (-3 - 185/2)/(110/(-660)). Calculate the greatest common divisor of 1528 and n.
191
Let f(o) = -530*o - 449. Let d be f(-2). What is the highest common factor of 52 and d?
13
Let z = -38 - -41. Suppose -4*a + 4*x + 76 = 0, -5*a - z*x + 40 = -71. Let o = 4 + 3. What is the highest common factor of a and o?
7
Suppose 3*q = 2*r + 1942, -4*q - 40*r = -45*r - 2587. Calculate the greatest common factor of q and 16.
8
Suppose -2*w = -7*q - 10966, -511*q - 5551 = -w - 516*q. Calculate the greatest common factor of 3 and w.
3
Suppose p - 21112 = 10*p - 17*p. Calculate the greatest common factor of 35 and p.
7
Suppose -10*i + 416 = 16. Let x be 435 - (i/15)/(-4)*9. Calculate the highest common factor of x and 49.
49
Suppose n + 666 = -3*y - 2*n, -3*n = -4*y - 867. Let r = y + 275. What is the greatest common factor of 728 and r?
56
Suppose -6*i + 48 = -2*i. Let d = 2899 + -2815. What is the greatest common divisor of i and d?
12
Suppose 32 = -72*o + 68*o. Let y be (-6)/o + (-13)/((-52)/85). Calculate the greatest common factor of y and 77.
11
Suppose 3*m + 31 - 43 = 0. Suppose -m*g + 7*g = z - 22, 34 = 2*z - g. What is the highest common factor of z and 8?
8
Suppose 2*v - 2*s = -14, -2*s + 23 = -5*v - 0*s. Let h(r) = -52*r - 4. Let p be h(v). Let l = 233 - 214. Calculate the greatest common factor of p and l.
19
Let d be (4/(-3) + 1)/(4/(-84)). Suppose 3*j = d*j + a - 53, 5*j - 85 = -5*a. Suppose -3*x - x + 16 = 0. What is the greatest common divisor of x and j?
4
Suppose -6*v + 300 - 56 + 1196 = 0. What is the highest common factor of v and 6520?
40
Suppose -5*b + 3*u = -10120, -7*u = -2*b - 8*u + 4037. What is the greatest common factor of 86 and b?
43
Suppose 13*g - 1092 - 4992 = 0. What is the greatest common factor of 1924 and g?
52
Let c = -820 - -849. What is the highest common divisor of 6583 and c?
29
Suppose 0 = f + 1, 4*f + 84 - 284 = -x. What is the highest common divisor of 300 and x?
12
Let s = -14136 + 43006. Calculate the highest common factor of 10 and s.
10
Let b(a) = 11 - 47*a + 3 + 33*a + 3*a**2. Let o be b(6). Suppose -3*v + 0*v = 3*d - 288, -188 = -2*v + 2*d. Calculate the highest common factor of o and v.
19
Let u(j) = -299*j + 428. Let m be u(-17). Calculate the highest common divisor of m and 66.
33
Let x be (((-188)/940)/((-3)/5))/(1/9). Calculate the highest common factor of 249 and x.
3
Let f be ((-30)/(-21))/(13/(546/24))*36. What is the greatest common factor of 330 and f?
30
Suppose 0 = -x + 4*p + 47, 7*x - p - 113 = -0*x. What is the highest common divisor of 10245 and x?
15
Suppose -11*s + 7504 = -21*s + 38*s. What is the greatest common divisor of s and 2077?
67
Let y be (-2)/(-2)*18425 + 28/140*0. What is the highest common factor of y and 1005?
335
Let n be (-3 + 12)/(3/2). Let g = -64 - -98. Let r = g - -14. What is the greatest common factor of r and n?
6
Suppose 4*s + 5*a - 1 - 64 = 0, 4*s - 89 = 3*a. Calculate the highest common divisor of 2110 and s.
10
Let b = -62 + 87. Let d be (22/(-3) + 4 - -2)*54. Let k be (1*10)/(d/(-1980)). Calculate the highest common divisor of b and k.
25
Let i = -13197 - -13263. Calculate the highest common factor of 627 and i.
33
Let b(z) = 7*z**2. Let n be b(-1). Let s be n - 102/15 - (-49)/5. Let j be -2 + -1 + -1 + 57*2. Calculate the greatest common divisor of s and j.
10
Let g be 192/40 + 8/(-10) + -2. Let d be (-71)/((5 - 6) + g). Let f = 96 + d. What is the greatest common divisor of 50 and f?
25
Let y be ((-105)/(-9))/((-2)/((-828)/23)). What is the greatest common divisor of 1344 and y?
42
Let j be (-22)/(-4)*((-14)/((-140)/(-30)) - -23). Calculate the greatest common divisor of 26730 and j.
110
Let r = 176 - 235. Let d = r - -245. Calculate the greatest common factor of d and 6.
6
Let u be (58/10)/((-15)/(-225)). Calculate the greatest common factor of u and 1537.
29
Suppose -149*u + 31 = -146*u - 2*c, 15 = -3*c. What is the highest common divisor of 7903 and u?
7
Let f = 383 + 276. Suppose -5*g + i + f = 102, -5*g + 554 = -2*i. Let c = g + -40. Calculate the highest common factor of c and 24.
24
Let q be 1/(-2 + 90/44). Let f(c) = -c**3 + 187*c**2 + 779*c - 2227. Let d be f(191). What is the highest common factor of d and q?
22
Suppose -8*r + 3*r + 4 = x, -x = -4*r + 5. Suppose 5*f = 3*j + 30 - 10, -f = 4*j + 19. Calculate the greatest common factor of r and f.
1
Suppose 0*w + 608 = 8*w. Suppose 16*r = 64 - 32. What is the highest common factor of r and w?
2
Suppose -231*l + 1129*l - 49390 = 0. Suppose 4*q - 1925 = -q. What is the highest common factor of l and q?
55
Let a = 435 - 392. Suppose -a*g - 7546 = -57*g. Calculate the highest common divisor of g and 11.
11
Suppose -20 = -5*k + 10*k. Let i be (2/k)/(4/264). Let q = -11 - i. What is the greatest common divisor of 33 and q?
11
Let b = -11714 + 11738. What is the highest common divisor of 232 and b?
8
Let q be -3 + 41 + (-9 - (1 + -5)). Calculate the highest common factor of 2398 and q.
11
Let h(g) = 18*g - 90 + 17*g - 40*g. Let l be h(-27). Calculate the highest common divisor of l and 27.
9
Let k(j) = 2*j - 104. Let x be k(16). Let d be 4020/x*6*-1. Calculate the highest common factor of d and 201.
67
Suppose 112 = 111*t - 110*t - 3*b, 3*t - 2*b - 294 = 0. Let i(f) = 11*f + 3. Let y be i(4). What is the greatest common factor of t and y?
47
Let b be (30/16)/((-1670)/(-16032)). Calculate the greatest common factor of 267 and b.
3
Let n(w) = -w**3 - 7*w**2 - 20*w - 26. Let x be n(-4). Suppose 0 = -x*c + 8*c - 5*i - 1489, 0 = c + 3*i - 750. Calculate the greatest common factor of c and 9.
9
Suppose -22*o + 418 = -22. What is the highest common factor of o and 22340?
20
Let i = -81 + 87. Let h be ((-116)/i)/(13/(-39)). Calculate the highest common factor of h and 174.
58
Suppose -6*n = n. Suppose n = -2*g - 4*p + 192, 2*g + 519 = 7*g - 3*p. Let b be g/(-6)*(0 + -2). What is the highest common factor of 170 and b?
34
Suppose 0 = 6*s - 442 - 230. Let x = s + -89. Suppose 17*h = x*h - 6. Calculate the highest common factor of h and 3.
1
Let d(z) = -3*z**3 - 33*z**2 - z - 6. Let w be d(-11). What is the highest common divisor of 1 and w?
1
Let k be ((-18)/4)/((-21)/70). Suppose k*i - 108 = -3. Suppose -2*z = 2*z - 224. What is the greatest common factor of z and i?
7
Suppose 0 = 734*u - 777*u + 27778. What is the greatest common divisor of 170 and u?
34
Suppose -4*v = -45 - 27. Suppose -8*h = h - v. Suppose 2*j = -6, h*m = 4*m + j - 177. What is the greatest common factor of 36 and m?
18
Suppose -19863 = -88*a + 86*a + y, 5*y = 5. What is the greatest common divisor of 104 and a?
52
Let d be -1 + -13 + (0 -